{"id":302,"date":"2024-03-10T14:21:14","date_gmt":"2024-03-10T14:21:14","guid":{"rendered":"https:\/\/npf.al\/?page_id=302"},"modified":"2024-03-10T14:22:38","modified_gmt":"2024-03-10T14:22:38","slug":"histori-te-suksesshme-ne-korce","status":"publish","type":"page","link":"https:\/\/npf.al\/en\/histori-te-suksesshme-ne-korce\/","title":{"rendered":"Histori t\u00eb suksesshme n\u00eb Kor\u00e7\u00eb"},"content":{"rendered":"<div data-elementor-type=\"wp-page\" data-elementor-id=\"302\" class=\"elementor elementor-302\">\n\t\t\t\t\t\t<section class=\"elementor-section elementor-top-section elementor-element elementor-element-328514c elementor-section-boxed elementor-section-height-default elementor-section-height-default\" data-id=\"328514c\" data-element_type=\"section\">\n\t\t\t\t\t\t<div class=\"elementor-container elementor-column-gap-default\">\n\t\t\t\t\t<div class=\"aux-parallax-section elementor-column elementor-col-100 elementor-top-column elementor-element elementor-element-95716e9\" data-id=\"95716e9\" data-element_type=\"column\">\n\t\t\t<div class=\"elementor-widget-wrap elementor-element-populated\">\n\t\t\t\t\t\t<div class=\"elementor-element elementor-element-4296ec5 aux-appear-watch-animation aux-fade-in elementor-widget elementor-widget-aux_modern_heading\" data-id=\"4296ec5\" data-element_type=\"widget\" data-widget_type=\"aux_modern_heading.default\">\n\t\t\t\t<div class=\"elementor-widget-container\">\n\t\t\t<section class=\"aux-widget-modern-heading\">\n            <div class=\"aux-widget-inner\"><h2 class=\"aux-modern-heading-primary\">Histori t\u00eb suksesshme n\u00eb Kor\u00e7\u00eb\n\n<\/h2><h3 class=\"aux-modern-heading-secondary\"><span class=\"aux-head-before\">KA GJITHNJ\u00cb NJ\u00cb MOMENT KUR JETA T\u00cb BUZ\u00cbQESH<\/span><\/h3><div class=\"aux-modern-heading-divider\"><\/div><div class=\"aux-modern-heading-description\"><p>Historia e M dhe L \u00ebsht\u00eb shum\u00eb e mbushur me momente t\u00eb trishtueshme dhe shum\u00eb t\u00eb dhimbshme. T\u00eb lindur n\u00eb nj\u00eb familje ku prind\u00ebrit nuk i ofronin mund\u00ebsin\u00eb m\u00eb minimale t\u00eb jetes\u00ebs, M dhe L kan\u00eb p\u00ebrjetuar nj\u00eb f\u00ebmij\u00ebri pa lodra e g\u00ebzime, duke derdhur lot p\u00ebr \u00e7do fatkeq\u00ebsi q\u00eb jeta i kishte rezervuar.<\/p><p>Pas divorcit t\u00eb prind\u00ebrve f\u00ebmij\u00ebt u transferuan n\u00eb qytetin e Kor\u00e7\u00ebs, pran\u00eb gjyshit nga n\u00ebna, por edhe k\u00ebtu nuk gjet\u00ebn dit\u00eb t\u00eb bardha. N\u00eb shum\u00eb pak koh\u00eb ata humbasin n\u00ebn\u00ebn dhe gjyshin e tyre, t\u00eb dy t\u00eb s\u00ebmur\u00eb, duke mbetur n\u00eb mes t\u00eb kat\u00ebr rrug\u00ebve. P\u00ebr nj\u00eb peridh\u00eb t\u00eb shkurt\u00ebr kohe t\u00eb dy f\u00ebmij\u00ebt u strehuan dhe u ushqyen nga motrat katolike Merry Poter. Deri n\u00eb mosh\u00ebn 10 vje\u00e7 p\u00ebr f\u00ebmij\u00ebt u kujdes\u00ebn motrat Merry Poter dhe Fondacioni Terre des Hommes t\u00eb cil\u00ebt nxit\u00ebn edhe mund\u00ebsin\u00eb e vendosjes s\u00eb tyre n\u00eb nj\u00eb familje kujdestare.<\/p><p>Nd\u00ebrsa djali kishte mbaruar shkoll\u00ebn fillore dhe punonte n\u00eb nj\u00eb magazin\u00eb, vajza ishte krejt\u00ebsisht e paarsimuar, pavar\u00ebsisht d\u00ebshir\u00ebs s\u00eb saj. N\u00eb vitin 1998 vajza L kaloi n\u00ebn kujdestarin\u00eb e fondacionit Ndihm\u00eb p\u00ebr F\u00ebmij\u00ebt, ku filloi t\u00eb marr\u00eb m\u00ebsimet e para n\u00eb klasat CEFA dhe kurset p\u00ebr formim profesional. L ishte nj\u00eb vazj\u00eb shum\u00eb e zgjuar dhe fal\u00eb edhe nj\u00eb mb\u00ebshtetje shum\u00eb t\u00eb mir\u00eb nga m\u00ebsuesit dhe punonj\u00ebsit social\u00eb t\u00eb projektit CEFA u trajnua n\u00eb kursin profesional t\u00eb rrobaqepsis\u00eb. Shum\u00eb shpejt ajo e p\u00ebrvet\u00ebsoi profesionin, duke i b\u00ebr\u00eb shum\u00eb krenar\u00eb edhe vet\u00eb m\u00ebsuesit e saj.<\/p><p>Nd\u00ebrsa vitet kalonin vajza mendonte p\u00ebr t\u00eb ardhmen dhe nd\u00ebrtimin e nj\u00eb familje. Dhe me konsultimin dhe mb\u00ebshtetjen e m\u00ebsuesve dhe punonj\u00ebsve social\u00eb ajo realizoi edhe lidhjen e saj t\u00eb martes\u00ebs, pas s\u00eb cil\u00ebs kan\u00eb dal\u00eb n\u00eb jet\u00eb edhe dy f\u00ebmij\u00eb t\u00eb mrekulluesh\u00ebm. Fondacioni NPF i depozitoi n\u00eb nj\u00eb librez\u00eb t\u00eb ve\u00e7ant\u00eb t\u00eb gjitha kursimet q\u00eb ajo kishte p\u00ebrfituar n\u00eb vitet e frekuentimit t\u00eb aktiviteteve n\u00eb projektin CEFA.<\/p><p>L jeton bashk\u00eb me familjen e saj n\u00eb Greqi, ku ajo punon si rrobaqep\u00ebse, por asnjeher\u00eb nuk i harron m\u00ebsuesit e saj, q\u00eb e kthyen n\u00eb jet\u00eb dhe e ndihmuan t\u00eb krijoj\u00eb nj\u00eb jet\u00eb t\u00eb lumtur dhe plot g\u00ebzime, me bashk\u00ebshortin dhe f\u00ebmij\u00ebt e saj.<\/p><\/div><\/div>\n        <\/section>\t\t<\/div>\n\t\t\t\t<\/div>\n\t\t\t\t\t<\/div>\n\t\t<\/div>\n\t\t\t\t\t<\/div>\n\t\t<\/section>\n\t\t\t\t<\/div>","protected":false},"excerpt":{"rendered":"<p>Histori t\u00eb suksesshme n\u00eb Kor\u00e7\u00eb KA GJITHNJ\u00cb NJ\u00cb MOMENT KUR JETA T\u00cb BUZ\u00cbQESH Historia e M dhe L \u00ebsht\u00eb shum\u00eb e mbushur me momente t\u00eb trishtueshme dhe shum\u00eb t\u00eb dhimbshme. T\u00eb lindur n\u00eb nj\u00eb familje ku prind\u00ebrit nuk i ofronin mund\u00ebsin\u00eb m\u00eb minimale t\u00eb jetes\u00ebs, M dhe L kan\u00eb p\u00ebrjetuar nj\u00eb f\u00ebmij\u00ebri pa lodra e [&hellip;]<\/p>","protected":false},"author":1,"featured_media":0,"parent":0,"menu_order":0,"comment_status":"closed","ping_status":"closed","template":"","meta":{"footnotes":""},"class_list":["post-302","page","type-page","status-publish","hentry"],"_links":{"self":[{"href":"https:\/\/npf.al\/en\/wp-json\/wp\/v2\/pages\/302","targetHints":{"allow":["GET"]}}],"collection":[{"href":"https:\/\/npf.al\/en\/wp-json\/wp\/v2\/pages"}],"about":[{"href":"https:\/\/npf.al\/en\/wp-json\/wp\/v2\/types\/page"}],"author":[{"embeddable":true,"href":"https:\/\/npf.al\/en\/wp-json\/wp\/v2\/users\/1"}],"replies":[{"embeddable":true,"href":"https:\/\/npf.al\/en\/wp-json\/wp\/v2\/comments?post=302"}],"version-history":[{"count":5,"href":"https:\/\/npf.al\/en\/wp-json\/wp\/v2\/pages\/302\/revisions"}],"predecessor-version":[{"id":309,"href":"https:\/\/npf.al\/en\/wp-json\/wp\/v2\/pages\/302\/revisions\/309"}],"wp:attachment":[{"href":"https:\/\/npf.al\/en\/wp-json\/wp\/v2\/media?parent=302"}],"curies":[{"name":"wp","href":"https:\/\/api.w.org\/{rel}","templated":true}]}}

Histori të suksesshme në Korçë

<div data-elementor-type="wp-page" data-elementor-id="302" class="elementor elementor-302">
						<section class="elementor-section elementor-top-section elementor-element elementor-element-328514c elementor-section-boxed elementor-section-height-default elementor-section-height-default" data-id="328514c" data-element_type="section">
						<div class="elementor-container elementor-column-gap-default">
					<div class="aux-parallax-section elementor-column elementor-col-100 elementor-top-column elementor-element elementor-element-95716e9" data-id="95716e9" data-element_type="column">
			<div class="elementor-widget-wrap elementor-element-populated">
						<div class="elementor-element elementor-element-4296ec5 aux-appear-watch-animation aux-fade-in elementor-widget elementor-widget-aux_modern_heading" data-id="4296ec5" data-element_type="widget" data-widget_type="aux_modern_heading.default">
				<div class="elementor-widget-container">
			<section class="aux-widget-modern-heading">
            <div class="aux-widget-inner"><h2 class="aux-modern-heading-primary">Histori të suksesshme në Korçë

</h2><h3 class="aux-modern-heading-secondary"><span class="aux-head-before">KA GJITHNJË NJË MOMENT KUR JETA TË BUZËQESH</span></h3><div class="aux-modern-heading-divider"></div><div class="aux-modern-heading-description"><p>Historia e M dhe L është shumë e mbushur me momente të trishtueshme dhe shumë të dhimbshme. Të lindur në një familje ku prindërit nuk i ofronin mundësinë më minimale të jetesës, M dhe L kanë përjetuar një fëmijëri pa lodra e gëzime, duke derdhur lot për çdo fatkeqësi që jeta i kishte rezervuar.</p><p>Pas divorcit të prindërve fëmijët u transferuan në qytetin e Korçës, pranë gjyshit nga nëna, por edhe këtu nuk gjetën ditë të bardha. Në shumë pak kohë ata humbasin nënën dhe gjyshin e tyre, të dy të sëmurë, duke mbetur në mes të katër rrugëve. Për një peridhë të shkurtër kohe të dy fëmijët u strehuan dhe u ushqyen nga motrat katolike Merry Poter. Deri në moshën 10 vjeç për fëmijët u kujdesën motrat Merry Poter dhe Fondacioni Terre des Hommes të cilët nxitën edhe mundësinë e vendosjes së tyre në një familje kujdestare.</p><p>Ndërsa djali kishte mbaruar shkollën fillore dhe punonte në një magazinë, vajza ishte krejtësisht e paarsimuar, pavarësisht dëshirës së saj. Në vitin 1998 vajza L kaloi nën kujdestarinë e fondacionit Ndihmë për Fëmijët, ku filloi të marrë mësimet e para në klasat CEFA dhe kurset për formim profesional. L ishte një vazjë shumë e zgjuar dhe falë edhe një mbështetje shumë të mirë nga mësuesit dhe punonjësit socialë të projektit CEFA u trajnua në kursin profesional të rrobaqepsisë. Shumë shpejt ajo e përvetësoi profesionin, duke i bërë shumë krenarë edhe vetë mësuesit e saj.</p><p>Ndërsa vitet kalonin vajza mendonte për të ardhmen dhe ndërtimin e një familje. Dhe me konsultimin dhe mbështetjen e mësuesve dhe punonjësve socialë ajo realizoi edhe lidhjen e saj të martesës, pas së cilës kanë dalë në jetë edhe dy fëmijë të mrekullueshëm. Fondacioni NPF i depozitoi në një librezë të veçantë të gjitha kursimet që ajo kishte përfituar në vitet e frekuentimit të aktiviteteve në projektin CEFA.</p><p>L jeton bashkë me familjen e saj në Greqi, ku ajo punon si rrobaqepëse, por asnjeherë nuk i harron mësuesit e saj, që e kthyen në jetë dhe e ndihmuan të krijojë një jetë të lumtur dhe plot gëzime, me bashkëshortin dhe fëmijët e saj.</p></div></div>
        </section>		</div>
				</div>
					</div>
		</div>
					</div>
		</section>
				</div>

<p>Histori të suksesshme në Korçë KA GJITHNJË NJË MOMENT KUR JETA TË BUZËQESH Historia e M dhe L është shumë e mbushur me momente të trishtueshme dhe shumë të dhimbshme. Të lindur në një familje ku prindërit nuk i ofronin mundësinë më minimale të jetesës, M dhe L kanë përjetuar një fëmijëri pa lodra e [&hellip;]</p>
